 + -1 + 0 + -11
-6
Calculate 5 + (-11 - (-2 - -1) - -2).
-3
Evaluate 19 + -15 - (-2 + 5).
1
Calculate 15 + (-14 - (-19 + 9)).
11
Evaluate 4 + (4 + -6 - -1).
3
What is the value of 2 - (-1 + 9) - (-53 + 47)?
0
What is -8 + (3 + -7 - -9)?
-3
Evaluate -1 - (0 - 3) - (-1 + -2).
5
-4 + 0 - (-2 + -3)
1
What is the value of -7 - (0 - (-4 + 4 + 4))?
-3
Evaluate (14 - 5) + 5 - 10.
4
-10 + (10 - (-8 - -7))
1
1 - (-3 - (-3 + 0)) - 1
0
(7 - 5 - -3) + -2
3
What is -4 + (-6 + 4 - -4)?
-2
Calculate 2 - (3 - 1 - (2 + 3)).
5
What is 5 + -6 + 0 + 1 + 4?
4
(-1 - (1 + -7)) + -1 + 5
9
-6 + 2 - (10 - 16)
2
What is (-3 - -4) + 5 + 2 + -3?
5
What is the value of 0 + -5 + 8 + -3?
0
Evaluate (5 - ((-5 - -1) + 4)) + -7.
-2
Evaluate 0 + -2 + 6 + -3 + -1.
0
Evaluate -8 - (-5 + (-3 - (1 + -4))).
-3
Evaluate -6 - (-6 + (4 - -2)) - -14.
8
-5 + (-3 - -7) - -5
4
What is the value of 2 - (-4 + -2 + 9)?
-1
What is 3 + (-5 - -3 - -1) + -1?
1
What is the value of 2 - (5 - (-3 + 1 + 4))?
-1
What is -6 + 1 + 5 + 1?
1
What is -1 + (-8 - -5 - -1)?
-3
Calculate -2 - -8 - 4 - -1.
3
What is the value of (-2 - -7) + (-2 - (9 + -12))?
6
What is 4 - (1 + (-6 - -3) + 3)?
3
What is 2 + 0 + -2 + 0?
0
Calculate 1 + (8 - 6) + -6 + 3.
0
-8 + (27 - 11) + 1 + -5
4
Calculate -1 - (1 - (10 - (0 + 4))).
4
Evaluate -8 + 1 + 5 - -2.
0
Evaluate 9 - (6 + -8 + 18).
-7
Calculate -5 - (5 + (-6 - 1)).
-3
(-4 - -6 - 4 - -4) + -4
-2
Calculate (31 - 27) + (0 - 5).
-1
What is 3 - (4 + -7) - 4?
2
What is 12 + -9 + 11 + -12?
2
Calculate 3 + -12 - -16 - 10.
-3
Calculate 4 - (-3 + (9 - (-2 + 2))).
-2
Calculate -1 + 1 + (42 - 37).
5
What is -11 + 9 + (-3 - -1)?
-4
-4 + 12 + -3 - -3
8
Evaluate -7 + 0 - -11 - 7.
-3
What is -5 + 0 - (-9 + 5)?
-1
What is the value of 12 - (-9 - -16) - (0 + 12)?
-7
What is 3 + (4 - (-1 - -4))?
4
Calculate (-6 - -4) + (2 - 6) + 1.
-5
-2 - (2 - (2 + 2 + 1))
1
-8 - -5 - (-23 + 13)
7
What is -3 + -3 + 6 - (4 - 4)?
0
What is the value of 1 + (6 - (-3 + 8))?
2
Evaluate 10 - (11 - (0 - -3)).
2
3 + (2 - 11) + -7 + 7
-6
-9 + 9 - 5 - -1
-4
-5 + 7 + (-3 - -2 - 4)
-3
Evaluate 0 - (1 + 1 - (5 - 1)).
2
Calculate 5 + -11 + 6 + 1.
1
Calculate (-5 - (-9 + 7 - 16)) + -7.
6
(-8 - (-4 + 2)) + 1 + 1
-4
Calculate -1 + (-5 + 3 - 5) + 2.
-6
Calculate -5 + 23 + -10 + -8.
0
Calculate (6 - 8 - 5) + 1 - 0.
-6
What is -1 - 3 - (3 + -2)?
-5
Evaluate 3 + (0 - 5) + (9 - 3).
4
(-6 - -3) + 9 - 4
2
16 + -8 + -13 - (0 + 0)
-5
7 + -13 + (-6 - -13)
1
-3 - (-3 - (0 - (-4 - -4)))
0
-25 + 16 + 3 + 3
-3
Evaluate -5 - (-8 - -8) - (-2 - 4).
1
What is the value of 1 + -1 - (-13 + 9 - -9)?
-5
What is the value of (-4 + 1 - -5) + 2?
4
-2 + -1 + 0 - (8 - 16)
5
Calculate (16 - 8 - 4) + -11 + 6.
-1
-2 + 1 - (-9 + 13)
-5
(-1 - 2) + 3 + -3 + -1
-4
(0 - (-5 + 6)) + -9 + 3
-7
Evaluate (0 + -2 + 1 - -2) + 3.
4
-9 + -11 + 31 + -18
-7
What is 97 + -91 + (-5 - -1)?
2
Calculate (14 - -1 - 11) + 1.
5
What is 1 - 9 - (5 + -17)?
4
What is (-15 - -2) + 26 + -23?
-10
Calculate 6 - 0 - ((12 - 3) + -3).
0
31 + -35 + 6 + 0
2
3 - (4 + (-1 - -2 - 0))
-2
-1 - 2 - -1 - (10 + -8)
-4
What is the value of (-13 - -12) + (1 - 1) + -3?
-4
What is the value of 1 - -1 - (0 + -2 - -8)?
-4
Calculate -10 + 10 + 2 + -5.
-3
Calculate (2 - 4) + 10 + -7.
1
What is the value of -2 + 15 + -7 + -5?
1
What is (8 - 1) + (-33 - -26) - 9?
-9
What is -2 - (-2 - (5 + -7)) - -5?
3
Calculate 3 - 6 - 1 - 1 - -2.
-3
24 - 31 - (-2 - 9)
4
What is (0 - 0 - 0) + 5 + -4?
1
What is 8 + (3 + -5 - 1) - 4?
1
What is the value of -2 + (0 - (2 - 1))?
-3
Calculate 2 + -2 + 7 + -9 + 10.
8
What is (52 - 45) + (-9 - (-1 + -1))?
0
Evaluate 4 - (5 + -2 - 0).
1
What is -3 - -3 - ((-3 - -2) + 0)?
1
Calculate 2 + 0 + 1 + -5.
-2
(1 - -1) + 2 + -8 + 0
-4
What is 9 + -25 - -14 - (-1 - -1)?
-2
Evaluate 1 - ((3 - (-4 + 6)) + 4).
-4
Evaluate 0 - 1 - (4 + 2 + -4).
-3
Evaluate -2 + -1 + -1 + -1.
-5
What is -3 + 0 + -2 + 0?
-5
Calculate 1 + 2 - 6 - (27 - 32).
2
What is the value of 0 - -3 - (-3 + 1 + 0)?
5
-1 - 9 - (14 - 22)
-2
Evaluate -7 + (0 - -2) + -73 + 78.
0
What is the value of (1 - -2) + -2 - (46 - 41)?
-4
-2 + 5 + -1 - (3 - -1)
-2
Calculate -1 + 0 + -3 + 3 + 4.
3
Calculate -5 + -4 + 4 - (0 + 0).
-5
Calculate -2 + (-4 - -2) + 2.
-2
Calculate 7 - (-9 - -7 - -20).
-11
What is the value of (-1 - 6) + (-2 - -9 - 4)?
-4
Calculate 41 - 37 - (6 - (1 + -2)).
-3
Calculate 0 - (2 - (4 + -5 - -3)).
0
What is -4 + -4 + 8 + (-1 - -1)?
0
Evaluate 6 - ((0 + 4 - 4) + 5).
1
-3 - -1 - (18 + -18)
-2
What is the value of (-4 + 10 - 2) + 3 + -2?
5
5 - (8 + -7 + 2 + 1)
1
Calculate 0 + -4 + (3 - -1 - 3).
-3
10 - (5 + -2) - 4
3
What is 7 + -13 + (13 - 7)?
0
What is -4 - (3 - (1 - -5))?
-1
What is the value of (-5 - -2) + (6 - 4)?
-1
Evaluate 2 - -6 - (127 + -121).
2
Evaluate 1 - (-3 + (-4 - -8)).
0
Evaluate 3 - (-6 + 3 + 3 - -6).
-3
-9 + 22 + (-5 - 9)
-1
-4 - (-11 + 11 + -6)
2
Evaluate 18 + (-6 + -7 - 0).
5
What is the value of 0 + -2 + -3 + 1?
-4
What is the value of -4 - -11 - (5 + 0)?
2
What is (-16 - -9) + -2 + 6?
-3
What is -7 + 12 + 2 + -3?
4
(15 - 16) + (-2 - -2) + 1
0
What is the value of ((-4 - -4) + 2 - -1) + 2?
5
What is 1 - (-2 + (0 - -1))?
2
What is -3 + (3 - 5 - -2 - -4)?
1
Calculate 1 + (-1 - (-6 - -2)) - 15.
-11
2 + (1 + -1 - (2 + -2))
2
Calculate 3 + 3 + -7 + 0.
-1
Evaluate -2 + (4 - (-1 + 4)) + -3.
-4
What is the value of 11 + -5 - 7 - (-2 + -1)?
2
Calculate -2 + 2 - (-1 - (-1 + 2)).
2
Evaluate -12 + (7 - 2) + (4 - 1).
-4
What is 6 + 1 - 8 - (3 - -1)?
-5
What is 2 + -4 - (11 - 18)?
5
What is -8 - -6 - -5 - (1 + -1)?
3
(1 - -4) + (2 + -1 - 3)
3
What is -3 + 5 + -6 + -1?
-5
Evaluate 1 - 7 - (56 - 57).
-5
Evaluate (12 - 1 - 28) + 12.
-5
Calculate -20 + 24 - (-2 - 1).
7
What is (-4 + 10 - (1 - -2)) + -5?
-2
What is (-8 - -4) + 1 + -1 + 1?
-3
What is 3 + -6 + 0 + 4?
1
-1 + (2 + -7 - 0) + 8
2
What is the value of 0 + -4 + 1 + (-4 - -1)?
-6
What is -7 + (-7 - -5 - -5) + -1?
-5
Calculate -3 + (-2 - -2 - -3) + -5.
-5
-33 - -27 - (-3 + -1)
-2
What is the value of (0 - -3) + 5 + -13 - -4?
-1
Evaluate -5 + -36 + 31 + (1 - -2).
-7
What is 3 + (-2 + -3 - -1) + 6?
5
Evaluate 6 - ((1 - -5) + -3).
3
What is the value of (-5 - -3) + 10 + -59 + 60?
9
What is 2 - (-1 + -5) - (3 + 0)?
5
What is the value of -1 + -10 - (-32 + 23 - -6)?
-8
0 + 0 - -4 - 5
-1
What is 1 - (5 - 1) - -4?
1
What is 3 + -4 + (-7 - (-4 - 0))?
-4
Calculate -5 - (-2 + 9) - (-2 + -3).
-7
What is -5 + (-6 - -9) - (1 + 0)?
-3
What is 1 - (2 - 6 - -3)?
2
What is 2 + (2 - (5 + 2 + -3))?
0
What is (8 - 3) + 0 - (3 - 1)?
3
Evaluate -3 + (-6 - -11) - 6.
-4
What is the value of (-2 - -1) + 2 - 6?
-5
What is the value of -8 - (2 + -4 - (9 + -8))?
-5
What is the value of 25 + -18 + -2 + -10?
-5
1 + (-2 - 4) + 4
-1
6 - (0 - (3 - 8))
1
What is the value of -6 - (-7 - 3 - 0) - 1?
3
What is 6 - -5 - (-1 + 6)?
6
What is the value of -2 + (2 + -8 - -13)?
5
Evaluate 8 - 0 - (-7 - -12).
3
Evaluate (5 - 8) + 0 + -1.
-4
-4 - ((0 - -4) + -4)
-4
What is (0 - (-5 - 3)) + -5?
3
Calculate -4 - -1 - 1 - (-7 + 5).
-2
What is 1 + -1 - (6 + -2)?
-4
Calculate 3 + -3 + (-4 - (-2 - 1)).
-1
-5 - 2 - ((20 - 36) + 20)
-11
What is the value of -3 + -3 + 6 + 9 + -16?
-7
What is (-7 - -8) + -3 + -1?
-3
-6 - ((-9 - -2) + 1 + -6)
6
Evaluate -1 + 8 - (35 + -21).
-7
Evaluate (3 - (3 - 5)) + -4.
1
Calculate -15 - (4 + -11) - (4 + -13).
1
What is -19 + 23 + -14 - -5?
-5
-7 + (6 - (-1 - -3)) - -7
4
What is -4 + 9 + 3 + -7 + -6?
-5
What is 8 + (1 + 1 - (16 - 1))?
-5
Calculate (-2 - -5) + 2 + -5.
0
Calculate -11 - (7 - 18) - (-1 + 5).
-4
What is the value of (-3 - -1) + -3 + 2 + -2?
-5
What is -1 + (-1 - -2) + 0 + -5?
-5
-2 - (-8 + 4) - (1 + -3)
4
4 - -1 - (4 + -4)
5
What is the value of -1 - (5 + -2 + (-4 - 3))?
3
Calculate -1 + 6 + 13 + -17 + 1.
2
Calculate 7 + (-16 - -7) - 7 - 0.
-9
Calculate (1 - 3) + 10 + -6 + -7.
-5
Calculate 1 + (-4 - (-13 - -3)) + -7.
0
What is -2 + 4 + 4 + -7?
-1
Evaluate 3 + (-17 + 19 - (1 - -3)).
1
Evaluate 5 - 4 - -1 - (4 - 5).
3
Evaluate 3 - (0 + (4 - (1 + -1))).
-1
What is the value of -2 - -2 - ((-6 - -18) + -7)?
-5
Evaluate 8 + (-4 - 10) + 0 + 7.
1
What is -3 + 0 - (6 - 8)?
-1
What is the value of -3 - (-3 + (1 - 2) - -1)?
0
What is -40 + 37 - (-2 - -2)?
-3
Calculate (-4 + 4 - -6) + -1 - 5.
0
Calculate -1 + (-2 - (3 + -3)).
-3
-1 - (2 + (-1 - 4))
2
(5 - 3) + -4 + 2
0
Calc